
2434
What is the greatest common divisor of 42195 and 48430?
145
What is the greatest common divisor of 24164 and 7716?
4
What is the highest common factor of 54 and 1480938?
6
Calculate the highest common divisor of 10773686 and 792.
22
What is the greatest common factor of 488 and 62194807?
61
What is the greatest common factor of 1337090 and 5970?
10
What is the highest common factor of 47888647 and 5854?
2927
Calculate the highest common divisor of 7122 and 64291481.
1187
Calculate the greatest common divisor of 5901 and 153741.
21
Calculate the greatest common divisor of 2550 and 4911980.
170
Calculate the greatest common divisor of 245569655 and 955.
955
What is the highest common factor of 56231 and 950446?
203
Calculate the greatest common factor of 9674 and 143102645.
4837
Calculate the greatest common factor of 118 and 84887489.
59
Calculate the highest common divisor of 18232718 and 100926.
1246
Calculate the highest common factor of 358070 and 215452.
122
Calculate the greatest common factor of 839784 and 17820.
132
What is the highest common divisor of 38021 and 1072468?
197
Calculate the highest common divisor of 198 and 381243.
3
What is the greatest common divisor of 14094 and 942993?
261
What is the greatest common factor of 23204016 and 12593?
257
Calculate the greatest common divisor of 3272690 and 213310.
830
What is the highest common factor of 37128 and 13353585?
357
What is the highest common divisor of 10026133 and 839417?
4261
Calculate the highest common factor of 412 and 1138871.
103
Calculate the greatest common divisor of 6026 and 149454.
46
Calculate the greatest common factor of 29075 and 13.
1
What is the highest common divisor of 485001 and 92016?
1917
Calculate the greatest common divisor of 10339107 and 9.
3
What is the greatest common factor of 1315721576 and 1244?
1244
What is the greatest common divisor of 793 and 40935026?
61
What is the greatest common factor of 127665 and 1637505?
45
Calculate the highest common divisor of 81458538 and 30.
6
What is the greatest common factor of 1007561 and 213?
71
Calculate the greatest common divisor of 53 and 55457.
1
Calculate the highest common divisor of 20992 and 4437376.
128
What is the highest common divisor of 21281 and 87529?
13
Calculate the greatest common factor of 5892447 and 264.
33
What is the highest common factor of 19895915 and 65?
65
Calculate the highest common factor of 16800 and 13496.
56
Calculate the highest common factor of 840098 and 8805375.
2609
What is the greatest common factor of 11835634 and 73038?
3478
What is the greatest common divisor of 20320642 and 67990?
1046
What is the greatest common divisor of 40 and 115280140?
20
What is the highest common factor of 70 and 18991980?
70
What is the greatest common divisor of 17 and 88055444?
17
Calculate the highest common factor of 33867504 and 1008.
144
What is the greatest common factor of 8345376 and 312?
312
Calculate the highest common divisor of 92808 and 98856.
72
What is the highest common factor of 24595 and 59623199?
4919
What is the highest common factor of 159838 and 86338?
98
What is the highest common factor of 947556090 and 54?
54
What is the highest common divisor of 5355 and 9081485?
595
What is the highest common factor of 208 and 10018502?
26
Calculate the highest common divisor of 29842 and 37262.
2
What is the greatest common divisor of 12 and 15407547?
3
Calculate the highest common factor of 360746 and 12046.
634
Calculate the greatest common divisor of 235123057 and 1636.
409
What is the highest common divisor of 1728 and 190656?
576
Calculate the greatest common divisor of 32358172 and 372.
124
Calculate the highest common factor of 4869216 and 1218.
174
What is the highest common factor of 75854891 and 49?
49
What is the highest common divisor of 9541 and 188?
47
What is the greatest common factor of 25848 and 4044?
12
Calculate the greatest common factor of 227547 and 51531.
579
Calculate the greatest common factor of 795150 and 377055.
2565
Calculate the highest common factor of 923 and 34390767.
71
Calculate the highest common divisor of 975267678 and 99.
33
Calculate the highest common factor of 8136 and 4146648.
2712
Calculate the greatest common factor of 48 and 341155664.
16
What is the greatest common divisor of 2032 and 100416?
16
Calculate the highest common divisor of 13 and 43885543.
13
Calculate the highest common factor of 52206484 and 671.
671
Calculate the highest common divisor of 737266985 and 735.
245
What is the highest common factor of 3600 and 1985168?
16
What is the greatest common divisor of 98 and 61515139?
49
Calculate the highest common divisor of 9176106 and 12.
6
What is the highest common divisor of 1919320 and 119080?
520
Calculate the greatest common factor of 4956 and 264649161.
1239
What is the highest common factor of 1928 and 632696?
8
Calculate the greatest common factor of 25341953 and 1729.
1729
Calculate the highest common divisor of 17009 and 495451.
73
Calculate the greatest common divisor of 1687081441 and 23.
23
Calculate the greatest common divisor of 306 and 9193824.
18
Calculate the highest common factor of 5628009 and 76.
19
Calculate the highest common divisor of 206736 and 12036.
708
What is the highest common divisor of 8006860 and 6100?
1220
What is the highest common factor of 36868721 and 38?
19
Calculate the highest common divisor of 480 and 43175910.
30
What is the greatest common divisor of 33116578 and 238?
34
Calculate the highest common factor of 75 and 27859380.
15
What is the greatest common factor of 4932 and 70626788?
548
Calculate the highest common factor of 144 and 139454.
2
What is the highest common factor of 107438748 and 216?
12
What is the greatest common factor of 7029658 and 145?
29
Calculate the highest common factor of 3159 and 71693019.
243
Calculate the greatest common factor of 148932 and 212436.
756
Calculate the greatest common factor of 521364 and 159.
3
Calculate the greatest common divisor of 9302896 and 5496.
1832
Calculate the highest common divisor of 963097 and 14.
1
Calculate the greatest common divisor of 211829859 and 9.
9
Calculate the highest common divisor of 666349463 and 346.
173
Calculate the greatest common factor of 1093 and 377718940.
1093
What is the greatest common factor of 34118084 and 28?
28
What is the greatest common divisor of 2520 and 6812064?
504
What is the greatest common factor of 345125 and 367213?
2761
What is the greatest common divisor of 2100635 and 2501?
41
Calculate the highest common factor of 50299 and 120646.
179
Calculate the greatest common factor of 35411836 and 11052.
1228
What is the greatest common factor of 2712 and 2414584?
904
What is the greatest common factor of 296 and 483976?
8
Calculate the greatest common factor of 39 and 24931439.
13
What is the highest common divisor of 4343 and 439915499?
4343
What is the greatest common divisor of 43872 and 4704?
96
Calculate the highest common factor of 4080211 and 329.
47
Calculate the highest common factor of 689993 and 1912.
239
What is the greatest common factor of 39845451 and 14559?
633
What is the highest common factor of 362946494 and 643?
643
What is the highest common divisor of 31473815 and 2110?
1055
What is the greatest common divisor of 5381725 and 305?
305
What is the highest common factor of 113370 and 1630?
10
Calculate the greatest common factor of 297353 and 495838.
749
What is the greatest common factor of 126 and 17454600?
18
Calculate the greatest common factor of 38 and 49844904.
38
Calculate the highest common factor of 58344 and 228756.
132
What is the highest common factor of 138354555 and 375?
15
What is the greatest common divisor of 362112 and 161?
23
What is the highest common divisor of 5067953 and 116?
29
Calculate the greatest common divisor of 50 and 44682325.
25
What is the highest common factor of 171 and 4962933?
171
What is the greatest common divisor of 46375444 and 56?
4
What is the highest common divisor of 1985232 and 18408?
1416
What is the highest common divisor of 11302225 and 374?
11
What is the highest common divisor of 225 and 25279218?
9
Calculate the highest common factor of 24 and 89274032.
8
Calculate the highest common divisor of 6534